{"id":5611,"date":"2022-04-18T00:40:12","date_gmt":"2022-04-17T22:40:12","guid":{"rendered":"https:\/\/congres.mlfmonde.org\/rabat2022\/?page_id=5611"},"modified":"2022-05-03T16:21:32","modified_gmt":"2022-05-03T14:21:32","slug":"travaux-des-etablissements-mlfmonde","status":"publish","type":"page","link":"https:\/\/congres.mlfmonde.org\/rabat2022\/travaux-des-etablissements-mlfmonde\/","title":{"rendered":"Travaux des \u00e9tablissements"},"content":{"rendered":"<div class=\"wpb-content-wrapper\"><p>[vc_row][vc_column][vc_custom_heading text=\u00a0\u00bbDes projets p\u00e9dagogiques \u00e0 d\u00e9couvrir\u00a0\u00bb font_container=\u00a0\u00bbtag:h2|text_align:left|color:%231792ad\u00a0\u00bb][\/vc_column][\/vc_row][vc_row][vc_column][vc_column_text]Education \u00e0 l&rsquo;environnement et au d\u00e9veloppement durable, politique des langues, la\u00efcit\u00e9, interculturalit\u00e9, usages du num\u00e9rique, inclusion, engagement des \u00e9l\u00e8ves&#8230; d\u00e9couvrez les projets innovants des \u00e9tablissements du r\u00e9seau mlfmonde[\/vc_column_text][\/vc_column][\/vc_row][vc_row][vc_column width=\u00a0\u00bb1\/2&Prime;][vc_single_image image=\u00a0\u00bb6446&Prime; style=\u00a0\u00bbvc_box_shadow_3d\u00a0\u00bb onclick=\u00a0\u00bblink_image\u00a0\u00bb title=\u00a0\u00bbUne \u00e9cole atypique aux ambitions fortes &#8211; Groupe scolaire OSUI Eric Tabarly\u00a0\u00bb][vc_single_image image=\u00a0\u00bb6779&Prime; style=\u00a0\u00bbvc_box_shadow_3d\u00a0\u00bb onclick=\u00a0\u00bblink_image\u00a0\u00bb title=\u00a0\u00bbUn parcours multilingue pour un monde interculturel (1) &#8211; Lyc\u00e9e fran\u00e7ais international de Reus\u00a0\u00bb][vc_single_image image=\u00a0\u00bb6780&Prime; style=\u00a0\u00bbvc_box_shadow_3d\u00a0\u00bb onclick=\u00a0\u00bblink_image\u00a0\u00bb title=\u00a0\u00bbUn parcours multilingue pour un monde interculturel (2) &#8211; Lyc\u00e9e fran\u00e7ais international de Reus\u00a0\u00bb][vc_single_image image=\u00a0\u00bb6476&Prime; style=\u00a0\u00bbvc_box_shadow_3d\u00a0\u00bb onclick=\u00a0\u00bblink_image\u00a0\u00bb title=\u00a0\u00bbEducation \u00e0 l&rsquo;environnement et au d\u00e9veloppement durable &#8211; Lyc\u00e9e Montaigne\u00a0\u00bb][vc_single_image image=\u00a0\u00bb6477&Prime; style=\u00a0\u00bbvc_box_shadow_3d\u00a0\u00bb onclick=\u00a0\u00bblink_image\u00a0\u00bb title=\u00a0\u00bbUne \u00e9cole \u00e0 taille humaine &#8211; Lyc\u00e9e Simone de Beauvoir &#8211; Le Caire\u00a0\u00bb][vc_single_image image=\u00a0\u00bb6423&Prime; style=\u00a0\u00bbvc_box_shadow_3d\u00a0\u00bb onclick=\u00a0\u00bblink_image\u00a0\u00bb title=\u00a0\u00bbLa maison des lyc\u00e9ens &#8211; Lyc\u00e9e fran\u00e7ais international Alphonse Daudet\u00a0\u00bb][vc_single_image image=\u00a0\u00bb6397&Prime; style=\u00a0\u00bbvc_box_shadow_3d\u00a0\u00bb onclick=\u00a0\u00bblink_image\u00a0\u00bb title=\u00a0\u00bbCult&rsquo;art Massignon &#8211; Lyc\u00e9e fran\u00e7ais international Louis Massignon\u00a0\u00bb][vc_single_image image=\u00a0\u00bb6410&Prime; style=\u00a0\u00bbvc_box_shadow_3d\u00a0\u00bb onclick=\u00a0\u00bblink_image\u00a0\u00bb title=\u00a0\u00bbR\u00e9-imaginons &#8211; Lyc\u00e9e fran\u00e7ais international de Palma\u00a0\u00bb][vc_single_image image=\u00a0\u00bb6398&Prime; style=\u00a0\u00bbvc_box_shadow_3d\u00a0\u00bb onclick=\u00a0\u00bblink_image\u00a0\u00bb title=\u00a0\u00bbDeux syst\u00e8mes, un engagement : s&rsquo;\u00e9panouir, partager et vivre ensemble &#8211; Lyc\u00e9e fran\u00e7ais international d&rsquo;Oudja\u00a0\u00bb][vc_single_image image=\u00a0\u00bb6345&Prime; style=\u00a0\u00bbvc_box_shadow_3d\u00a0\u00bb onclick=\u00a0\u00bblink_image\u00a0\u00bb title=\u00a0\u00bbUn lyc\u00e9e Arternational- Lyc\u00e9e fran\u00e7ais international de Tenerife\u00a0\u00bb][vc_single_image image=\u00a0\u00bb6396&Prime; style=\u00a0\u00bbvc_box_shadow_3d\u00a0\u00bb onclick=\u00a0\u00bblink_image\u00a0\u00bb title=\u00a0\u00bbForum de l&rsquo;entrepreneuriat &#8211; Lyc\u00e9e fran\u00e7ais international d&rsquo;Agadir (1)\u00a0\u00bb][vc_single_image image=\u00a0\u00bb6421&Prime; style=\u00a0\u00bbvc_box_shadow_3d\u00a0\u00bb onclick=\u00a0\u00bblink_image\u00a0\u00bb title=\u00a0\u00bbOlympiades Num\u00e9riques &#8211; Lyc\u00e9e fran\u00e7ais international Agadir (2)\u00a0\u00bb][vc_single_image image=\u00a0\u00bb6445&Prime; style=\u00a0\u00bbvc_box_shadow_3d\u00a0\u00bb onclick=\u00a0\u00bblink_image\u00a0\u00bb title=\u00a0\u00bbL&rsquo;\u00e9galit\u00e9 filles-gar\u00e7ons : \u00e7a s&rsquo;apprend ! &#8211; Groupe Scolaire Jacques Majorelle (1)\u00a0\u00bb][vc_single_image image=\u00a0\u00bb6768&Prime; style=\u00a0\u00bbvc_box_shadow_3d\u00a0\u00bb onclick=\u00a0\u00bblink_image\u00a0\u00bb title=\u00a0\u00bbUn climat scolaire et un cadre privil\u00e9gi\u00e9s &#8211; Groupe scolaire Jacques Majorelle (2)\u00a0\u00bb][vc_single_image image=\u00a0\u00bb6784&Prime; style=\u00a0\u00bbvc_box_shadow_3d\u00a0\u00bb onclick=\u00a0\u00bblink_image\u00a0\u00bb title=\u00a0\u00bbPlanet &gt; Profit &#8211; Lyc\u00e9e fran\u00e7ais international Elite de Tyr\u00a0\u00bb][vc_single_image image=\u00a0\u00bb6811&Prime; style=\u00a0\u00bbvc_box_shadow_3d\u00a0\u00bb onclick=\u00a0\u00bblink_image\u00a0\u00bb title=\u00a0\u00bbMaisons Citoyennes &#8211; Lyc\u00e9e Fran\u00e7ais de Castilla y L\u00e9on\u00a0\u00bb][vc_single_image image=\u00a0\u00bb8633&Prime; style=\u00a0\u00bbvc_box_shadow_3d\u00a0\u00bb onclick=\u00a0\u00bblink_image\u00a0\u00bb title=\u00a0\u00bbMlf Mondopoly 120 ans (1) &#8211; Lyc\u00e9e Fran\u00e7ais International de Bahre\u00efn\u00a0\u00bb][vc_single_image image=\u00a0\u00bb8632&Prime; style=\u00a0\u00bbvc_box_shadow_3d\u00a0\u00bb onclick=\u00a0\u00bblink_image\u00a0\u00bb title=\u00a0\u00bbMlf Mondopoly 120 ans (2) &#8211; Lyc\u00e9e Fran\u00e7ais International de Bahre\u00efn\u00a0\u00bb][vc_single_image image=\u00a0\u00bb8631&Prime; style=\u00a0\u00bbvc_box_shadow_3d\u00a0\u00bb onclick=\u00a0\u00bblink_image\u00a0\u00bb title=\u00a0\u00bbMlf Mondopoly 120 ans (3) &#8211; Lyc\u00e9e Fran\u00e7ais International de Bahre\u00efn\u00a0\u00bb][\/vc_column][vc_column width=\u00a0\u00bb1\/2&Prime;][vc_single_image image=\u00a0\u00bb6473&Prime; style=\u00a0\u00bbvc_box_shadow_3d\u00a0\u00bb onclick=\u00a0\u00bblink_image\u00a0\u00bb title=\u00a0\u00bbUne \u00e9cole internationale &#8211; Lyc\u00e9e Victor Hugo de Florence\u00a0\u00bb][vc_single_image image=\u00a0\u00bb6474&Prime; style=\u00a0\u00bbvc_box_shadow_3d\u00a0\u00bb onclick=\u00a0\u00bblink_image\u00a0\u00bb title=\u00a0\u00bbPerspective internationale &#8211; TFS Ecole Internationale du Canada\u00a0\u00bb][vc_single_image image=\u00a0\u00bb6472&Prime; style=\u00a0\u00bbvc_box_shadow_3d\u00a0\u00bb onclick=\u00a0\u00bblink_image\u00a0\u00bb title=\u00a0\u00bbEtre citoyen \u00e0 Balzac : une identit\u00e9, un projet &#8211; Lyc\u00e9e fran\u00e7ais international Balzac\u00a0\u00bb][vc_single_image image=\u00a0\u00bb6394&Prime; style=\u00a0\u00bbvc_box_shadow_3d\u00a0\u00bb onclick=\u00a0\u00bblink_image\u00a0\u00bb title=\u00a0\u00bbAquaponics &amp; Hydroponics &#8211; Awty School\u00a0\u00bb][vc_single_image image=\u00a0\u00bb6395&Prime; style=\u00a0\u00bbvc_box_shadow_3d\u00a0\u00bb onclick=\u00a0\u00bblink_image\u00a0\u00bb title=\u00a0\u00bbEnfants du monde, artistes de la citoyennet\u00e9 &#8211; Lyc\u00e9e fran\u00e7ais international Nahr Ibrahim (1)\u00a0\u00bb][vc_single_image image=\u00a0\u00bb6428&Prime; style=\u00a0\u00bbvc_box_shadow_3d\u00a0\u00bb onclick=\u00a0\u00bblink_image\u00a0\u00bb title=\u00a0\u00bbLa la\u00efcit\u00e9 dans les \u00e9tablissements fran\u00e7ais de l&rsquo;\u00e9tranger &#8211; Lyc\u00e9e fran\u00e7ais international Nahr Ibrahim (2)\u00a0\u00bb][vc_single_image image=\u00a0\u00bb6442&Prime; style=\u00a0\u00bbvc_box_shadow_3d\u00a0\u00bb onclick=\u00a0\u00bblink_image\u00a0\u00bb title=\u00a0\u00bbInterculturalit\u00e9 &#8211; Lyc\u00e9e fran\u00e7ais international Nahr Ibrahim (3)\u00a0\u00bb][vc_single_image image=\u00a0\u00bb6408&Prime; style=\u00a0\u00bbvc_box_shadow_3d\u00a0\u00bb onclick=\u00a0\u00bblink_image\u00a0\u00bb title=\u00a0\u00bbOuverture sur la ville, ses associations, son environnement &#8211; Lyc\u00e9e fran\u00e7ais international Jean Charcot\u00a0\u00bb][vc_single_image image=\u00a0\u00bb6411&Prime; style=\u00a0\u00bbvc_box_shadow_3d\u00a0\u00bb onclick=\u00a0\u00bblink_image\u00a0\u00bb title=\u00a0\u00bbUne fille = un gar\u00e7on &#8211; Lyc\u00e9e fran\u00e7ais international Le D\u00e9troit\u00a0\u00bb][vc_single_image image=\u00a0\u00bb6413&Prime; style=\u00a0\u00bbvc_box_shadow_3d\u00a0\u00bb onclick=\u00a0\u00bblink_image\u00a0\u00bb title=\u00a0\u00bbLe plurilinguisme &#8211; Lyc\u00e9e fran\u00e7ais international Rochambeau\u00a0\u00bb][vc_single_image image=\u00a0\u00bb6414&Prime; style=\u00a0\u00bbvc_box_shadow_3d\u00a0\u00bb onclick=\u00a0\u00bblink_image\u00a0\u00bb title=\u00a0\u00bbLe plurilinguisme &#8211; Lyc\u00e9e fran\u00e7ais international Rochambeau (2)\u00a0\u00bb][vc_single_image image=\u00a0\u00bb6415&Prime; style=\u00a0\u00bbvc_box_shadow_3d\u00a0\u00bb onclick=\u00a0\u00bblink_image\u00a0\u00bb title=\u00a0\u00bbLe plurilinguisme &#8211; Lyc\u00e9e fran\u00e7ais international Rochambeau (3)\u00a0\u00bb][vc_single_image image=\u00a0\u00bb6412&Prime; style=\u00a0\u00bbvc_box_shadow_3d\u00a0\u00bb onclick=\u00a0\u00bblink_image\u00a0\u00bb title=\u00a0\u00bbEco\u00c9cole Moli\u00e8re &#8211; Lyc\u00e9e Moli\u00e8re de Saragosse\u00a0\u00bb][vc_single_image image=\u00a0\u00bb6783&Prime; style=\u00a0\u00bbvc_box_shadow_3d\u00a0\u00bb onclick=\u00a0\u00bblink_image\u00a0\u00bb title=\u00a0\u00bbDes \u00e9l\u00e8ves engag\u00e9s ! &#8211; Lyc\u00e9e international Jean Mermoz\u00a0\u00bb][vc_single_image image=\u00a0\u00bb6786&Prime; style=\u00a0\u00bbvc_box_shadow_3d\u00a0\u00bb onclick=\u00a0\u00bblink_image\u00a0\u00bb title=\u00a0\u00bbCroire en soi pour grandir &#8211; Lyc\u00e9e fran\u00e7ais international Andr\u00e9 Malraux\u00a0\u00bb][vc_single_image image=\u00a0\u00bb6787&Prime; style=\u00a0\u00bbvc_box_shadow_3d\u00a0\u00bb onclick=\u00a0\u00bblink_image\u00a0\u00bb title=\u00a0\u00bbL&rsquo;exp\u00e9rience p\u00e9dagogique bilingue &#8211; International Concept for Education\u00a0\u00bb][vc_single_image image=\u00a0\u00bb8634&Prime; style=\u00a0\u00bbvc_box_shadow_3d\u00a0\u00bb onclick=\u00a0\u00bblink_image\u00a0\u00bb title=\u00a0\u00bbLe citoyen et l\u2019humain, au c\u0153ur de notre projet d\u2019\u00e9tablissement &#8211; Dallas International School\u00a0\u00bb][\/vc_column][\/vc_row][vc_row][vc_column][vc_custom_heading text=\u00a0\u00bbLes communaut\u00e9s d&rsquo;apprentissage\u00a0\u00bb font_container=\u00a0\u00bbtag:h2|text_align:left|color:%231792ad\u00a0\u00bb][\/vc_column][\/vc_row][vc_row][vc_column][vc_column_text]Les communaut\u00e9s d&rsquo;apprentissage sont constitu\u00e9es d&rsquo;enseignants s&rsquo;inscrivant sur la plateforme de formation pour travailler sur une th\u00e9matique commune. D\u00e9couvrez leurs projets&#8230;[\/vc_column_text][\/vc_column][\/vc_row][vc_row][vc_column width=\u00a0\u00bb1\/2&Prime;][vc_single_image image=\u00a0\u00bb6793&Prime; style=\u00a0\u00bbvc_box_shadow_3d\u00a0\u00bb onclick=\u00a0\u00bblink_image\u00a0\u00bb title=\u00a0\u00bbCA &#8211; Les maternelles\u00a0\u00bb][vc_single_image image=\u00a0\u00bb6794&Prime; style=\u00a0\u00bbvc_box_shadow_3d\u00a0\u00bb onclick=\u00a0\u00bblink_image\u00a0\u00bb title=\u00a0\u00bbCA &#8211; Philosophie\u00a0\u00bb][vc_single_image image=\u00a0\u00bb6798&Prime; style=\u00a0\u00bbvc_box_shadow_3d\u00a0\u00bb onclick=\u00a0\u00bblink_image\u00a0\u00bb title=\u00a0\u00bbCA &#8211; Physique Chimie\u00a0\u00bb][vc_single_image image=\u00a0\u00bb6800&Prime; style=\u00a0\u00bbvc_box_shadow_3d\u00a0\u00bb onclick=\u00a0\u00bblink_image\u00a0\u00bb title=\u00a0\u00bbCA &#8211; Sciences Economiques &amp; Sociales\u00a0\u00bb][vc_single_image image=\u00a0\u00bb6802&Prime; style=\u00a0\u00bbvc_box_shadow_3d\u00a0\u00bb onclick=\u00a0\u00bblink_image\u00a0\u00bb title=\u00a0\u00bbCA &#8211; Histoire G\u00e9ographie\u00a0\u00bb][vc_single_image image=\u00a0\u00bb6808&Prime; style=\u00a0\u00bbvc_box_shadow_3d\u00a0\u00bb onclick=\u00a0\u00bblink_image\u00a0\u00bb title=\u00a0\u00bbClasses Culturelles Num\u00e9riques (1)\u00a0\u00bb][vc_single_image image=\u00a0\u00bb6807&Prime; style=\u00a0\u00bbvc_box_shadow_3d\u00a0\u00bb onclick=\u00a0\u00bblink_image\u00a0\u00bb title=\u00a0\u00bbClasses Culturelles Num\u00e9riques (2)\u00a0\u00bb][vc_single_image image=\u00a0\u00bb6817&Prime; style=\u00a0\u00bbvc_box_shadow_3d\u00a0\u00bb onclick=\u00a0\u00bblink_image\u00a0\u00bb title=\u00a0\u00bbCA &#8211; Accompagnateurs d&rsquo;apprenance\u00a0\u00bb][vc_single_image image=\u00a0\u00bb6809&Prime; style=\u00a0\u00bbvc_box_shadow_3d\u00a0\u00bb onclick=\u00a0\u00bblink_image\u00a0\u00bb title=\u00a0\u00bbCA &#8211; Profsdocs\u00a0\u00bb][\/vc_column][vc_column width=\u00a0\u00bb1\/2&Prime;][vc_single_image image=\u00a0\u00bb6795&Prime; style=\u00a0\u00bbvc_box_shadow_3d\u00a0\u00bb onclick=\u00a0\u00bblink_image\u00a0\u00bb title=\u00a0\u00bbCA &#8211; Coop\u00e9ration \u00e0 l&rsquo;\u00e9cole, au coll\u00e8ge et au lyc\u00e9e\u00a0\u00bb][vc_single_image image=\u00a0\u00bb6796&Prime; style=\u00a0\u00bbvc_box_shadow_3d\u00a0\u00bb onclick=\u00a0\u00bblink_image\u00a0\u00bb title=\u00a0\u00bbCA &#8211; Math\u00e9matiques\u00a0\u00bb][vc_single_image image=\u00a0\u00bb6799&Prime; style=\u00a0\u00bbvc_box_shadow_3d\u00a0\u00bb onclick=\u00a0\u00bblink_image\u00a0\u00bb title=\u00a0\u00bbCA &#8211; PYP_MYP\u00a0\u00bb][vc_single_image image=\u00a0\u00bb6801&Prime; style=\u00a0\u00bbvc_box_shadow_3d\u00a0\u00bb onclick=\u00a0\u00bblink_image\u00a0\u00bb title=\u00a0\u00bbCA &#8211; Sciences de la Vie et de la Terre\u00a0\u00bb][vc_single_image image=\u00a0\u00bb6803&Prime; style=\u00a0\u00bbvc_box_shadow_3d\u00a0\u00bb onclick=\u00a0\u00bblink_image\u00a0\u00bb title=\u00a0\u00bbCA &#8211; Les comp\u00e9tences de vie\u00a0\u00bb][vc_single_image image=\u00a0\u00bb6805&Prime; style=\u00a0\u00bbvc_box_shadow_3d\u00a0\u00bb onclick=\u00a0\u00bblink_image\u00a0\u00bb title=\u00a0\u00bbCA &#8211; Routines de pens\u00e9e\u00a0\u00bb][vc_single_image image=\u00a0\u00bb6806&Prime; style=\u00a0\u00bbvc_box_shadow_3d\u00a0\u00bb onclick=\u00a0\u00bblink_image\u00a0\u00bb title=\u00a0\u00bbCA &#8211; Diversit\u00e9_Equit\u00e9_Inclusion_Justice\u00a0\u00bb][vc_single_image image=\u00a0\u00bb6822&Prime; style=\u00a0\u00bbvc_box_shadow_3d\u00a0\u00bb onclick=\u00a0\u00bblink_image\u00a0\u00bb title=\u00a0\u00bbCA &#8211; Education Physique Sportive\u00a0\u00bb][\/vc_column][\/vc_row][vc_row][vc_column width=\u00a0\u00bb1\/2&Prime;][vc_custom_heading text=\u00a0\u00bbLe d\u00e9veloppement professionnel\u00a0\u00bb font_container=\u00a0\u00bbtag:h2|text_align:left|color:%231792ad\u00a0\u00bb][\/vc_column][vc_column width=\u00a0\u00bb1\/2&Prime;][\/vc_column][\/vc_row][vc_row][vc_column][vc_column_text]D\u00e9couvrez les CDP Pierre~Deschamps de Rabat (Maroc) et d&rsquo;Abidjan (C\u00f4te d&rsquo;Ivoire) qui proposent un large choix de formations certifiantes ou dipl\u00f4mantes reconnues \u00e0 l&rsquo;international.[\/vc_column_text][\/vc_column][\/vc_row][vc_row][vc_column width=\u00a0\u00bb1\/2&Prime;][vc_single_image image=\u00a0\u00bb6818&Prime; style=\u00a0\u00bbvc_box_shadow_3d\u00a0\u00bb onclick=\u00a0\u00bblink_image\u00a0\u00bb title=\u00a0\u00bbLes Centres de d\u00e9veloppement professionnel\u00a0\u00bb][vc_single_image image=\u00a0\u00bb6815&Prime; style=\u00a0\u00bbvc_box_shadow_3d\u00a0\u00bb onclick=\u00a0\u00bblink_image\u00a0\u00bb title=\u00a0\u00bbLes r\u00e9f\u00e9rents OSUI\u00a0\u00bb][vc_single_image image=\u00a0\u00bb6816&Prime; style=\u00a0\u00bbvc_box_shadow_3d\u00a0\u00bb onclick=\u00a0\u00bblink_image\u00a0\u00bb title=\u00a0\u00bbLes rencontres num\u00e9riques\u00a0\u00bb][\/vc_column][vc_column width=\u00a0\u00bb1\/2&Prime;][vc_single_image image=\u00a0\u00bb6819&Prime; style=\u00a0\u00bbvc_box_shadow_3d\u00a0\u00bb onclick=\u00a0\u00bblink_image\u00a0\u00bb title=\u00a0\u00bbLes langues dans le monde Mlf (1) : 2 cultures, 3 langues et &#8230; beaucoup plus\u00a0\u00bb][vc_single_image image=\u00a0\u00bb6820&Prime; style=\u00a0\u00bbvc_box_shadow_3d\u00a0\u00bb onclick=\u00a0\u00bblink_image\u00a0\u00bb title=\u00a0\u00bbLes langues dans le monde Mlf (2) : Sections internationales, sections europ\u00e9ennes\u00a0\u00bb][\/vc_column][\/vc_row]<\/p>\n<\/div>","protected":false},"excerpt":{"rendered":"<p>[vc_row][vc_column][vc_custom_heading text=\u00a0\u00bbDes projets p\u00e9dagogiques \u00e0 d\u00e9couvrir\u00a0\u00bb font_container=\u00a0\u00bbtag:h2|text_align:left|color:%231792ad\u00a0\u00bb][\/vc_column][\/vc_row][vc_row][vc_column][vc_column_text]Education \u00e0 l&rsquo;environnement et au d\u00e9veloppement durable, politique des langues, la\u00efcit\u00e9, interculturalit\u00e9, usages du num\u00e9rique, inclusion, engagement des \u00e9l\u00e8ves&#8230; d\u00e9couvrez les projets innovants des \u00e9tablissements du r\u00e9seau mlfmonde[\/vc_column_text][\/vc_column][\/vc_row][vc_row][vc_column width=\u00a0\u00bb1\/2&Prime;][vc_single_image image=\u00a0\u00bb6446&Prime; style=\u00a0\u00bbvc_box_shadow_3d\u00a0\u00bb onclick=\u00a0\u00bblink_image\u00a0\u00bb title=\u00a0\u00bbUne \u00e9cole atypique aux ambitions fortes &#8211; Groupe scolaire OSUI Eric Tabarly\u00a0\u00bb][vc_single_image image=\u00a0\u00bb6779&Prime; style=\u00a0\u00bbvc_box_shadow_3d\u00a0\u00bb onclick=\u00a0\u00bblink_image\u00a0\u00bb title=\u00a0\u00bbUn parcours [&hellip;]<\/p>\n","protected":false},"author":4,"featured_media":0,"parent":0,"menu_order":0,"comment_status":"closed","ping_status":"closed","template":"","meta":{"footnotes":""},"class_list":["post-5611","page","type-page","status-publish","hentry"],"_links":{"self":[{"href":"https:\/\/congres.mlfmonde.org\/rabat2022\/wp-json\/wp\/v2\/pages\/5611","targetHints":{"allow":["GET"]}}],"collection":[{"href":"https:\/\/congres.mlfmonde.org\/rabat2022\/wp-json\/wp\/v2\/pages"}],"about":[{"href":"https:\/\/congres.mlfmonde.org\/rabat2022\/wp-json\/wp\/v2\/types\/page"}],"author":[{"embeddable":true,"href":"https:\/\/congres.mlfmonde.org\/rabat2022\/wp-json\/wp\/v2\/users\/4"}],"replies":[{"embeddable":true,"href":"https:\/\/congres.mlfmonde.org\/rabat2022\/wp-json\/wp\/v2\/comments?post=5611"}],"version-history":[{"count":37,"href":"https:\/\/congres.mlfmonde.org\/rabat2022\/wp-json\/wp\/v2\/pages\/5611\/revisions"}],"predecessor-version":[{"id":6872,"href":"https:\/\/congres.mlfmonde.org\/rabat2022\/wp-json\/wp\/v2\/pages\/5611\/revisions\/6872"}],"wp:attachment":[{"href":"https:\/\/congres.mlfmonde.org\/rabat2022\/wp-json\/wp\/v2\/media?parent=5611"}],"curies":[{"name":"wp","href":"https:\/\/api.w.org\/{rel}","templated":true}]}}