{"id":6730,"date":"2022-04-26T15:38:36","date_gmt":"2022-04-26T13:38:36","guid":{"rendered":"https:\/\/congres.mlfmonde.org\/rabat2022\/?page_id=6730"},"modified":"2022-04-26T15:48:31","modified_gmt":"2022-04-26T13:48:31","slug":"moliere-au-feminin","status":"publish","type":"page","link":"https:\/\/congres.mlfmonde.org\/rabat2022\/bulles\/moliere-au-feminin\/","title":{"rendered":"Moli\u00e8re au f\u00e9minin"},"content":{"rendered":"<div class=\"wpb-content-wrapper\"><p>[vc_row][vc_column][vc_custom_heading text=\u00a0\u00bbUn projet collaboratif dans le r\u00e9seau mlfmonde\u00a0\u00bb font_container=\u00a0\u00bbtag:h2|text_align:left|color:%231792ad\u00a0\u00bb][\/vc_column][\/vc_row][vc_row][vc_column width=\u00a0\u00bb1\/2&Prime;][vc_column_text]Projet transversal et concret mettant en sc\u00e8ne les femmes, ce jeu de 7 familles est la premi\u00e8re \u00e9tape de deux ans d\u2019anniversaire de Moli\u00e8re (1622-1673), une dynamique port\u00e9e par les deux lyc\u00e9es Moli\u00e8re du r\u00e9seau(Saragosse et Villanueva de la Ca\u00f1ada).<br \/>\nLa r\u00e9alisation du jeu \u2013 depuis le choix des familles jusqu\u2019\u00e0 la description des personnages, la s\u00e9lection des citations, en passant par la production des visuels<br \/>\n\u2013 a mobilis\u00e9 les \u00e9nergies d\u2019\u00e9l\u00e8ves, d\u2019enseignants de lettres, d\u2019arts plastiques et de \u00ab profsdocs \u00bb r\u00e9partis dans trois pays, contribuant ainsi \u00e0 donner du sens<br \/>\n\u00e0 la notion de r\u00e9seau.[\/vc_column_text][\/vc_column][vc_column width=\u00a0\u00bb1\/2&Prime;][vc_single_image image=\u00a0\u00bb6738&Prime; style=\u00a0\u00bbvc_box_rounded\u00a0\u00bb][\/vc_column][\/vc_row][vc_row][vc_column][vc_column_text]Sous la direction artistique d\u2019Alexis Oukkal et en collaboration avec les \u00e9quipes enseignantes, ce jeu de cartes sera d\u00e9di\u00e9\u00a0<em><strong>\u00e0 Moli\u00e8re<\/strong><\/em><strong>\u00a0et aux femmes qui ont travers\u00e9 sa vie\u00a0<\/strong>(ses filles, com\u00e9diennes<strong>,<\/strong>\u00a0personnages f\u00e9minins embl\u00e9matiques, \u2026)<\/p>\n<p>Un apprentissage ludique et passionnant pour les enfants de tous \u00e2ges ![\/vc_column_text][\/vc_column][\/vc_row][vc_row][vc_column][vc_zigzag][\/vc_column][\/vc_row][vc_row][vc_column][vc_cta h2=\u00a0\u00bbLes \u00e9tablissements participants \u00a0\u00bb color=\u00a0\u00bbpeacoc\u00a0\u00bb]<\/p>\n<div class=\"su-spoiler-title\" tabindex=\"0\" role=\"button\"><\/div>\n<div class=\"su-spoiler-content su-u-clearfix su-u-trim\">\n<ul>\n<li><a href=\"http:\/\/www.mlfmonde.org\/etablissements\/lycee-francais-international-d-alicante-pierre-deschamps\/\">lyc\u00e9e fran\u00e7ais international d\u2019Alicante Pierre Deschamps<\/a><\/li>\n<li><a href=\"http:\/\/www.mlfmonde.org\/etablissements\/lycee-francais-international-louis-massignon\/\">lyc\u00e9e fran\u00e7ais international Louis-Massignon<\/a>, Casablanca<\/li>\n<li><a href=\"http:\/\/www.mlfmonde.org\/etablissements\/ecole-francaise-de-florence-mlf-lycee-victor-hugo\/\">Ecole fran\u00e7aise de Florence \u2013 Mlf lyc\u00e9e Victor Hugo<\/a><\/li>\n<li><a href=\"http:\/\/www.mlfmonde.org\/etablissements\/lycee-francais-mlf-rene-verneau\/\">lyc\u00e9e fran\u00e7ais \u2013 Mlf \u2013 Ren\u00e9 Verneau<\/a>, Gran Canaria<\/li>\n<li><a href=\"http:\/\/www.mlfmonde.org\/etablissements\/lycee-francais-mlf-andre-malraux\/\">lyc\u00e9e fran\u00e7ais international Andr\u00e9 Malraux<\/a>, Murcie<\/li>\n<li><a href=\"http:\/\/www.mlfmonde.org\/etablissements\/lycee-moliere-mlf\/\">lyc\u00e9e fran\u00e7ais Moli\u00e8re Saragosse<\/a><\/li>\n<li><a href=\"http:\/\/www.mlfmonde.org\/etablissements\/lycee-moliere-mlf-villanueva-de-la-canada\/\">lyc\u00e9e fran\u00e7ais international Moli\u00e8re, de Madrid, Villanueva de la Ca\u00f1ada<\/a><\/li>\n<\/ul>\n<\/div>\n<p>[\/vc_cta][\/vc_column][\/vc_row]<\/p>\n<\/div>","protected":false},"excerpt":{"rendered":"<p>[vc_row][vc_column][vc_custom_heading text=\u00a0\u00bbUn projet collaboratif dans le r\u00e9seau mlfmonde\u00a0\u00bb font_container=\u00a0\u00bbtag:h2|text_align:left|color:%231792ad\u00a0\u00bb][\/vc_column][\/vc_row][vc_row][vc_column width=\u00a0\u00bb1\/2&Prime;][vc_column_text]Projet transversal et concret mettant en sc\u00e8ne les femmes, ce jeu de 7 familles est la premi\u00e8re \u00e9tape de deux ans d\u2019anniversaire de Moli\u00e8re (1622-1673), une dynamique port\u00e9e par les deux lyc\u00e9es Moli\u00e8re du r\u00e9seau(Saragosse et Villanueva de la Ca\u00f1ada). La r\u00e9alisation du jeu \u2013 depuis [&hellip;]<\/p>\n","protected":false},"author":4,"featured_media":0,"parent":5490,"menu_order":0,"comment_status":"closed","ping_status":"closed","template":"","meta":{"footnotes":""},"class_list":["post-6730","page","type-page","status-publish","hentry"],"_links":{"self":[{"href":"https:\/\/congres.mlfmonde.org\/rabat2022\/wp-json\/wp\/v2\/pages\/6730","targetHints":{"allow":["GET"]}}],"collection":[{"href":"https:\/\/congres.mlfmonde.org\/rabat2022\/wp-json\/wp\/v2\/pages"}],"about":[{"href":"https:\/\/congres.mlfmonde.org\/rabat2022\/wp-json\/wp\/v2\/types\/page"}],"author":[{"embeddable":true,"href":"https:\/\/congres.mlfmonde.org\/rabat2022\/wp-json\/wp\/v2\/users\/4"}],"replies":[{"embeddable":true,"href":"https:\/\/congres.mlfmonde.org\/rabat2022\/wp-json\/wp\/v2\/comments?post=6730"}],"version-history":[{"count":3,"href":"https:\/\/congres.mlfmonde.org\/rabat2022\/wp-json\/wp\/v2\/pages\/6730\/revisions"}],"predecessor-version":[{"id":6743,"href":"https:\/\/congres.mlfmonde.org\/rabat2022\/wp-json\/wp\/v2\/pages\/6730\/revisions\/6743"}],"up":[{"embeddable":true,"href":"https:\/\/congres.mlfmonde.org\/rabat2022\/wp-json\/wp\/v2\/pages\/5490"}],"wp:attachment":[{"href":"https:\/\/congres.mlfmonde.org\/rabat2022\/wp-json\/wp\/v2\/media?parent=6730"}],"curies":[{"name":"wp","href":"https:\/\/api.w.org\/{rel}","templated":true}]}}