{"id":5598,"date":"2022-04-18T00:30:52","date_gmt":"2022-04-17T22:30:52","guid":{"rendered":"https:\/\/congres.mlfmonde.org\/reims2023\/?page_id=5598"},"modified":"2023-05-16T21:05:00","modified_gmt":"2023-05-16T19:05:00","slug":"webradio","status":"publish","type":"page","link":"https:\/\/congres.mlfmonde.org\/reims2023\/webradio\/","title":{"rendered":"Webradio"},"content":{"rendered":"<div class=\"wpb-content-wrapper\"><p>[vc_row][vc_column][vc_custom_heading text=\u00a0\u00bbPr\u00e9sentation\u00a0\u00bb font_container=\u00a0\u00bbtag:h2|text_align:left|color:%23e2007a\u00a0\u00bb][\/vc_column][\/vc_row][vc_row][vc_column][vc_column_text]<\/p>\n<p>L\u2019objectif d\u2019une\u00a0\u00e9ducation aux m\u00e9dias et \u00e0 l\u2019information\u00a0(#EMI) est de permettre aux \u00e9l\u00e8ves de se pr\u00e9parer \u00e0 l\u2019exercice d\u2019une citoyennet\u00e9 \u00e9clair\u00e9e et responsable dans une soci\u00e9t\u00e9 o\u00f9 l\u2019information et la communication sont omnipr\u00e9sentes.<\/p>\n<p>Depuis sept ans, la Mlf a mis en place des formations webradio dans diff\u00e9rents \u00e9tablissements avec l\u2019aide de Thierry Riera, journaliste professionnel, afin de permettre aux \u00e9l\u00e8ves de s\u2019approprier un nouveau m\u00e9dia. Lors des congr\u00e8s de Casablanca (2016) et New York (2017), des \u00e9l\u00e8ves se sont pr\u00eat\u00e9s au jeu des interviews et du reportage. Le <a href=\"http:\/\/congres.mlfmonde.org\/caen-deauville2018\/webradios\/\">congr\u00e8s 2018<\/a>\u00a0de Deauville fut l\u2019occasion d\u2019inaugurer les\u00a0<a href=\"http:\/\/www.mlfmonde.org\/rencontres-internationales-de-la-webradio-scolaire-a-deauville\/\"><strong>premi\u00e8res rencontres internationales de la webradio scolaire<\/strong><\/a>.<\/p>\n<p><strong>Pour cette quatri\u00e8me \u00e9dition<\/strong>,\u00a0les \u00e9l\u00e8ves se pr\u00eateront ensemble au jeu du journalisme et couvriront la totalit\u00e9 du congr\u00e8s, en interviewant les personnalit\u00e9s qui aborderont des enjeux soci\u00e9taux et scolaires.<\/p>\n<p><strong>Cette ann\u00e9e, c\u2019est une d\u00e9l\u00e9gation d\u2019\u00e9l\u00e8ves venant de 5 \u00e9tablissements du r\u00e9seau mlfmonde,<\/strong> accompagn\u00e9e d\u2019\u00e9l\u00e8ves de l\u2019acad\u00e9mie partenaire de Reims, qui se d\u00e9placera pour les quatri\u00e8mes rencontres internationales de la webradio scolaire.<\/p>\n<p>Conduite d\u2019interviews, \u00e9criture radiophonique, entretiens, fabrication de reportages, voil\u00e0 en substance un panel non-exhaustif des nombreuses t\u00e2ches que devront r\u00e9aliser les \u00e9l\u00e8ves encadr\u00e9s par des d\u2019enseignants qui pratiquent la webradio.<\/p>\n<p>[\/vc_column_text][\/vc_column][\/vc_row][vc_row][vc_column][vc_custom_heading text=\u00a0\u00bbLes \u00e9quipes\u00a0\u00bb font_container=\u00a0\u00bbtag:h2|text_align:left|color:%23e2007a\u00a0\u00bb][vc_tta_accordion][vc_tta_section title=\u00a0\u00bbThierry Riera\u00a0\u00bb tab_id=\u00a0\u00bb1650273595959-68b6f1bb-f97b\u00a0\u00bb][vc_column_text]<span style=\"font-weight: 400;\"><img loading=\"lazy\" decoding=\"async\" class=\" wp-image-5676 alignleft\" src=\"https:\/\/congres.mlfmonde.org\/reims2023\/wp-content\/uploads\/2022\/04\/Modele-portrait-riera-2-300x300.png\" alt=\"\" width=\"190\" height=\"190\" srcset=\"https:\/\/congres.mlfmonde.org\/reims2023\/wp-content\/uploads\/2022\/04\/Modele-portrait-riera-2-300x300.png 300w, https:\/\/congres.mlfmonde.org\/reims2023\/wp-content\/uploads\/2022\/04\/Modele-portrait-riera-2-100x100.png 100w, https:\/\/congres.mlfmonde.org\/reims2023\/wp-content\/uploads\/2022\/04\/Modele-portrait-riera-2-600x600.png 600w, https:\/\/congres.mlfmonde.org\/reims2023\/wp-content\/uploads\/2022\/04\/Modele-portrait-riera-2-1024x1024.png 1024w, https:\/\/congres.mlfmonde.org\/reims2023\/wp-content\/uploads\/2022\/04\/Modele-portrait-riera-2-150x150.png 150w, https:\/\/congres.mlfmonde.org\/reims2023\/wp-content\/uploads\/2022\/04\/Modele-portrait-riera-2-768x768.png 768w, https:\/\/congres.mlfmonde.org\/reims2023\/wp-content\/uploads\/2022\/04\/Modele-portrait-riera-2.png 1080w\" sizes=\"auto, (max-width: 190px) 100vw, 190px\" \/>Journaliste <\/span><span style=\"font-weight: 400;\">(30 ans \u00e0 Radio France)\u00a0 et\u00a0 expert en webradio et podcast scolaires.<\/span><\/p>\n<p><span style=\"font-weight: 400;\">Anime des formations \u00e0 la webradio, au podcast et \u00e0 d&rsquo;\u00e9ducation aux m\u00e9dias en milieu scolaire, universitaire et pour l&rsquo;apprentissage du FLE.<\/span>[\/vc_column_text][\/vc_tta_section][vc_tta_section title=\u00a0\u00bbLyc\u00e9e Th\u00e9odore Monod, Abu Dhabi, Emirats Arabes Unis\u00a0\u00bb tab_id=\u00a0\u00bb1650273595959-1c300836-b8ee\u00a0\u00bb][vc_single_image image=\u00a0\u00bb10096&Prime; img_size=\u00a0\u00bblarge\u00a0\u00bb][vc_column_text]<\/p>\n<p><span style=\"font-weight: 400;\">De gauche \u00e0 droite :\u00a0 <\/span><\/p>\n<p><span style=\"font-weight: 400;\">Roxane Servan-Schreiber Debray, \u00e9l\u00e8ve de 2nde, Thierry Poile, enseignant de technologie, NSI, r\u00e9f\u00e9rent webradio et Syrine Aoudjet, \u00e9l\u00e8ve de 3\u00e8me<br \/>\n<\/span><\/p>\n<p>[\/vc_column_text][\/vc_tta_section][vc_tta_section title=\u00a0\u00bbGroupe scolaire Jacques Majorelle, Marrakech,Maroc\u00a0\u00bb tab_id=\u00a0\u00bb1650273940650-861f9083-7ce7&Prime;][vc_single_image image=\u00a0\u00bb10154&Prime; img_size=\u00a0\u00bblarge\u00a0\u00bb][vc_column_text]<\/p>\n<p><span style=\"font-weight: 400;\">De gauche \u00e0 droite :<\/span><\/p>\n<p><span style=\"font-weight: 400;\">Noha Ben Zaouia, \u00e9l\u00e8ve de 3\u00e8me,\u00a0 C\u00e9line Maaz, professeur de lettres et C\u00e9lia Maaz, \u00e9l\u00e8ve de 3\u00e8me.<\/span><\/p>\n<p>[\/vc_column_text][\/vc_tta_section][vc_tta_section title=\u00a0\u00bbLyc\u00e9e fran\u00e7ais international Pierre Deschamps, Alicante, Espagne\u00a0\u00bb tab_id=\u00a0\u00bb1650273995225-30e8dd16-bd1f\u00a0\u00bb][vc_single_image image=\u00a0\u00bb10193&Prime; img_size=\u00a0\u00bblarge\u00a0\u00bb][vc_column_text]<\/p>\n<p><span style=\"font-weight: 400;\">De gauche \u00e0 droite :<\/span><\/p>\n<p><span style=\"font-weight: 400;\">Djamil Mechakra,\u00e9l\u00e8ve de 2nde ,\u00a0 Christophe Pico,professeur documentaliste et Djamila\u00a0 Melek Gacem, \u00e9l\u00e8ve de Terminale<br \/>\n<\/span><\/p>\n<p><span style=\"font-weight: 400;\">\u00a0<\/span><\/p>\n<p>[\/vc_column_text][\/vc_tta_section][vc_tta_section title=\u00a0\u00bbLyc\u00e9e Jean Jaur\u00e8s, Reims, France\u00a0\u00bb tab_id=\u00a0\u00bb1650274064731-81a07151-371c\u00a0\u00bb][vc_single_image image=\u00a0\u00bb10629&Prime; img_size=\u00a0\u00bblarge\u00a0\u00bb el_class=\u00a0\u00bbdouble-photo\u00a0\u00bb][vc_single_image image=\u00a0\u00bb10655&Prime; img_size=\u00a0\u00bb300&#215;493&Prime; el_class=\u00a0\u00bbdouble-photo\u00a0\u00bb el_id=\u00a0\u00bbprof-reims\u00a0\u00bb][vc_column_text]Gabin Louguet, \u00e9l\u00e8ve de 1\u00e8re et William Dhellot, \u00e9l\u00e8ve de 1\u00e8re<\/p>\n<p>Florence Pofilet, professeur documentaliste[\/vc_column_text][\/vc_tta_section][vc_tta_section title=\u00a0\u00bbGrand lyc\u00e9e franco-libanais \u2013 Mlf \u2013 Achrafieh \u2013 Beyrouth\u00a0\u00bb tab_id=\u00a0\u00bb1650276230271-51884e1b-137c\u00a0\u00bb][vc_single_image image=\u00a0\u00bb10102&Prime; img_size=\u00a0\u00bblarge\u00a0\u00bb][vc_column_text]<\/p>\n<p><span style=\"font-weight: 400;\">De gauche \u00e0 droite :<\/span><\/p>\n<p><span style=\"font-weight: 400;\">Ghadi El Laham, \u00e9l\u00e8ve de 2nde, Cliff Lteif, responsable audiovisuel, Rapha\u00eblle Vasseux, \u00e9l\u00e8ve de 2nde.<br \/>\n<\/span><\/p>\n<p>[\/vc_column_text][\/vc_tta_section][vc_tta_section title=\u00a0\u00bbLyc\u00e9e Henri Sylvoz, Moanda, Gabon\u00a0\u00bb tab_id=\u00a0\u00bb1682085382097-02f0bc0e-f5a3&Prime;][vc_single_image image=\u00a0\u00bb10044&Prime; img_size=\u00a0\u00bblarge\u00a0\u00bb add_caption=\u00a0\u00bbyes\u00a0\u00bb][vc_column_text]<\/p>\n<p>De gauche \u00e0 droite :<\/p>\n<p>Cl\u00e9lie Charlet, enseignante d&rsquo;histoire-g\u00e9ographie, Eloane Omby, \u00e9l\u00e8ve de seconde et Sarah Courdy, \u00e9l\u00e8ve de premi\u00e8re.<\/p>\n<p>[\/vc_column_text][\/vc_tta_section][\/vc_tta_accordion][\/vc_column][\/vc_row][vc_row][vc_column][vc_zigzag][\/vc_column][\/vc_row][vc_row][vc_column][vc_custom_heading text=\u00a0\u00bbLes \u00e9missions\u00a0\u00bb font_container=\u00a0\u00bbtag:h2|text_align:left|color:%23e2007a\u00a0\u00bb][vc_tta_accordion][vc_tta_section title=\u00a0\u00bbDimanche 14 mai\u00a0\u00bb tab_id=\u00a0\u00bb1652081405693-edd4ac83-0681&Prime;][vc_cta h2=\u00a0\u00bbEmission 1&Prime;]https:\/\/soundcloud.com\/mlfmonde\/les-rencontres-internationales-de-la-webradio-scolaire-2023-episode-1?si=03e45ab62dac4a359fa9fe0786614ab4&amp;amp;utm_source=clipboard&amp;amp;utm_medium=text&amp;amp;utm_campaign=social_sharing[\/vc_cta][vc_zigzag][vc_cta h2=\u00a0\u00bbEmission 2&Prime;]https:\/\/soundcloud.com\/mlfmonde\/rencontres-internationales-de-la-webradio-scolaire-2023-episode-2?si=56c4a80b442a4f289c5c16257346b49e&amp;utm_source=clipboard&amp;utm_medium=text&amp;utm_campaign=social_sharing[\/vc_cta][vc_zigzag][\/vc_tta_section][vc_tta_section title=\u00a0\u00bbLundi 15 mai\u00a0\u00bb tab_id=\u00a0\u00bb1652081405693-dc288fd5-d2b5&Prime;][vc_cta h2=\u00a0\u00bbEmission 3&Prime;]https:\/\/soundcloud.com\/mlfmonde\/rencontres-internationales-de-la-webradio-2023-episode-3?si=8d7eb3a5469e467b9612bb6afe398e68&amp;utm_source=clipboard&amp;utm_medium=text&amp;utm_campaign=social_sharing[\/vc_cta][vc_zigzag][vc_cta h2=\u00a0\u00bbEmission 4&Prime;]https:\/\/soundcloud.com\/mlfmonde\/rencontres-internationales-de-la-webradio-scolaire-4eme-episode?in=mlfmonde\/sets\/les-rencontres-internationales&amp;si=fe343f414eb9483ea7de138d3b2a3c7b&amp;utm_source=clipboard&amp;utm_medium=text&amp;utm_campaign=social_sharing[\/vc_cta][vc_zigzag][\/vc_tta_section][vc_tta_section title=\u00a0\u00bbMardi 16 mai\u00a0\u00bb tab_id=\u00a0\u00bb1683646836789-0f783a65-0295&Prime;][vc_cta h2=\u00a0\u00bbEmission 5&Prime;]https:\/\/soundcloud.com\/mlfmonde\/rencontres-internationales-de-la-webradio-scolaire-2023-episode-5?si=91cebdbf26d9403bab306bb7ebee0be9&amp;utm_source=clipboard&amp;utm_medium=text&amp;utm_campaign=social_sharing[\/vc_cta][vc_zigzag][\/vc_tta_section][\/vc_tta_accordion][\/vc_column][\/vc_row]<\/p>\n<\/div>","protected":false},"excerpt":{"rendered":"<p>[vc_row][vc_column][vc_custom_heading text=\u00a0\u00bbPr\u00e9sentation\u00a0\u00bb font_container=\u00a0\u00bbtag:h2|text_align:left|color:%23e2007a\u00a0\u00bb][\/vc_column][\/vc_row][vc_row][vc_column][vc_column_text] L\u2019objectif d\u2019une\u00a0\u00e9ducation aux m\u00e9dias et \u00e0 l\u2019information\u00a0(#EMI) est de permettre aux \u00e9l\u00e8ves de se pr\u00e9parer \u00e0 l\u2019exercice d\u2019une citoyennet\u00e9 \u00e9clair\u00e9e et responsable dans une soci\u00e9t\u00e9 o\u00f9 l\u2019information et la communication sont omnipr\u00e9sentes. Depuis sept ans, la Mlf a mis en place des formations webradio dans diff\u00e9rents \u00e9tablissements avec l\u2019aide de Thierry Riera, [&hellip;]<\/p>\n","protected":false},"author":3,"featured_media":0,"parent":0,"menu_order":0,"comment_status":"closed","ping_status":"closed","template":"","meta":{"footnotes":""},"class_list":["post-5598","page","type-page","status-publish","hentry"],"_links":{"self":[{"href":"https:\/\/congres.mlfmonde.org\/reims2023\/wp-json\/wp\/v2\/pages\/5598","targetHints":{"allow":["GET"]}}],"collection":[{"href":"https:\/\/congres.mlfmonde.org\/reims2023\/wp-json\/wp\/v2\/pages"}],"about":[{"href":"https:\/\/congres.mlfmonde.org\/reims2023\/wp-json\/wp\/v2\/types\/page"}],"author":[{"embeddable":true,"href":"https:\/\/congres.mlfmonde.org\/reims2023\/wp-json\/wp\/v2\/users\/3"}],"replies":[{"embeddable":true,"href":"https:\/\/congres.mlfmonde.org\/reims2023\/wp-json\/wp\/v2\/comments?post=5598"}],"version-history":[{"count":69,"href":"https:\/\/congres.mlfmonde.org\/reims2023\/wp-json\/wp\/v2\/pages\/5598\/revisions"}],"predecessor-version":[{"id":10755,"href":"https:\/\/congres.mlfmonde.org\/reims2023\/wp-json\/wp\/v2\/pages\/5598\/revisions\/10755"}],"wp:attachment":[{"href":"https:\/\/congres.mlfmonde.org\/reims2023\/wp-json\/wp\/v2\/media?parent=5598"}],"curies":[{"name":"wp","href":"https:\/\/api.w.org\/{rel}","templated":true}]}}